- 1) - 4.
-20
Calculate -14 + (0 - (0 + 20)) - -15.
-19
What is (16 - (-4 - -7)) + -1?
12
Evaluate -37 + 7 + -1 + 2 + 8 - 4.
-25
Evaluate 13 + (-3 - -6) - (5 + 10).
1
(39 - 2) + (91 - 103) + -16
9
What is (3 - -2) + -15 - (-23 - -2)?
11
Calculate (-13 - -20) + (-18 - 0) - -4.
-7
Evaluate -1 - (-8 + -5 + 1 + 4).
7
Evaluate -12 - (-11 + 3 - (-1 - 6)).
-11
Evaluate (-2 + -13 - (-6 - -8) - 0) + -2.
-19
Calculate -1 + -18 - (-40 - -30).
-9
(-1 - 0) + -2 - -17 - (-63 - -66)
11
What is the value of -19 - ((-16 - (-4 + -11)) + -1 + -1)?
-16
What is the value of (-17 - (-8 - 2)) + (0 - (-7 + 0))?
0
Calculate (-17 - -8 - 10) + 3.
-16
-5 + 1 + (-17 - -25) - (1 - -1)
2
Calculate (14 - 1) + -11 - (1 + -10 - -2).
9
Calculate -2 - -16 - (-84 + 100).
-2
What is the value of -21 + 16 + 2 + 4 + 20?
21
Calculate 9 - ((-1 - -19) + 60 + -63).
-6
What is (-24 - (3 - 3)) + (9 - -18) + -26?
-23
Evaluate -5 - (4 + (-7 - -6) + -13).
5
Evaluate (13 - (27 - 16)) + 2 + -1.
3
-36 - (21 - 41) - -27
11
(10 - (8 - -1)) + -6 + 2 + -3
-6
What is 16 - (-21 + 4 + 49)?
-16
Evaluate -4 + 1 - (5 - 11 - -9).
-6
What is the value of 0 + -4 - (-6 + 3 + 2)?
-3
What is 44 + (-10 - -15) + -28?
21
Evaluate (35 - 33) + (11 - 6).
7
What is 11 + -69 + 18 + 20?
-20
Calculate (15 - 2) + 2 - (10 - (1 - -7)).
13
-30 + -2 + (57 - 19)
6
Calculate 15 - (-5 + 13) - 12.
-5
What is 21 - (9 + -18 + 22)?
8
What is 10 + -14 + (11 - 3)?
4
Evaluate -27 + -1 - (19 - (-2 - (-28 + 4))).
-25
Calculate 166 + -146 - (4 + -1).
17
Calculate 1 + -8 + (17 + -8 - -4).
6
2 + -17 + 11 + -12 + 0
-16
Evaluate 2 + (4 - 8) - (-3 + -12).
13
What is (-5 - 4) + (-2 - (-3 + -8))?
0
(-7 + 18 - 10 - -32) + -9
24
What is -3 - 2 - (27 - 21)?
-11
Calculate 16 + -24 + 4 + -2 - (7 - 9).
-4
Calculate 9 + 3 - ((33 - (-2 + -6)) + -5).
-24
-21 + 1 + -2 + (-663 - -670)
-15
(0 + -3 - -9) + -20 + (10 - 8)
-12
What is the value of 206 + -198 - (1 + 2 + 22 + 4)?
-21
3 + 0 - (-5 - 27 - -29)
6
What is -4 + 3 + -6 + 15 - 12?
-4
What is the value of -14 - (-24 + 5) - (2 + 8)?
-5
What is the value of (-519 - -503) + 0 + (0 - 0) + 2?
-14
What is (7 - (4 + 7 + 8)) + 23?
11
Evaluate (4 - 4) + 8 + (-13 - 1) - 9.
-15
-48 - -3 - -41 - (-1 - 27)
24
Calculate -15 + (17 - 17 - (-1 - 1)).
-13
Evaluate -1 + -1 - (19 + (-18 - 21) - -26).
-8
-4 - 17 - -3 - -2
-16
Calculate 0 - (-7 + (-14 - -29)).
-8
What is 29 + -17 - 12 - (1 - 11)?
10
-24 + 11 + 6 + (-7 - (0 - -2))
-16
1 - (8 + -5) - 5 - -10
3
Evaluate (4 - -25) + -22 + -16.
-9
3 + 1 + -1 + 12 - (367 + -357)
5
What is the value of 21 + -7 + (1 - 2)?
13
Calculate -3 + -15 + 1 - (282 + -284).
-15
What is the value of 461 + -463 + (6 - 1) - (0 - 8)?
11
Calculate (10 - 17) + 10 + 0.
3
What is (22 - -8) + -6 - (19 - 17)?
22
What is the value of 1 + 1 - (-8 - (3 + 2 + -21))?
-6
What is the value of 4 + 0 + 16 + -15?
5
What is the value of -5 - ((-3 - -2) + (7 + -14 - 1))?
4
Calculate 2 - -4 - (3 - (-6 - (0 + -3))).
0
What is the value of 4 + 4 + -2 - 0 - (-13 + 9)?
10
What is the value of -5 + (24 - 13) + -30 + 3?
-21
What is (4 + -15 - -11) + 2?
2
What is the value of 36 + 29 + (-76 - -17)?
6
Evaluate -7 + -2 + 1 - (-131 - (57 - 171)).
9
8 + -12 + 7 - 13
-10
(-3 - (8 - 11 - -10)) + -2
-12
What is the value of 0 + -10 + 19 + -10 - -13?
12
Calculate -19 + -2 + (2 + 1 - (32 + -37)).
-13
What is the value of 0 + -10 + (-1 + -7 - -8) + 13?
3
Calculate 45 + -43 + (26 - 6).
22
Evaluate 15 + -3 + 3 - -3 - 5.
13
Calculate 12 - (-5 - -11 - -10).
-4
What is (-5 + 3 + -7 - -26) + -17?
0
Calculate (9 - (9 + -2)) + 0 + -6 + -6.
-10
Calculate -21 + -15 + -1 + (60 - 47).
-24
Calculate 17 - 1 - (-33 - -34 - (-4 + -3)).
8
Evaluate -1 + (-4 + 1 - 3 - -4) + 2.
-1
-15 + -2 + (-13 - -8) + 1 + -11
-32
What is the value of 47 + -7 - (-54 - -81)?
13
Calculate -1 + (-3 - -7 - ((-1 - -3) + -5)).
6
What is the value of 19 - 21 - (-7 - 1)?
6
Evaluate 30 - (27 - (23 + -14)).
12
What is the value of -12 + 41 + (5 - 18)?
16
Calculate 3 - (1 + (-1 - 1)) - (350 + -351).
5
Evaluate -7 + -4 + 31 + 12.
32
Evaluate -9 - 16 - (45 + -87).
17
-14 - (2 - 4) - -3 - 18
-27
Calculate -16 + (-75 - -78 - (3 + 0)).
-16
Calculate 1 + -25 - (-6 - (-21 - -22)).
-17
What is 5 + 2 + -2 - 9?
-4
What is 8 + 2 + -15 + 9 - 15?
-11
What is the value of (-14 - -1) + -19 + 17 + (4 - -1)?
-10
Calculate 0 + 1 + -10 - (47 + 6 + -21).
-41
Evaluate 5 - ((-10 - (-15 + 11)) + (0 - -2)).
9
What is -30 + -7 + (48 - 12)?
-1
What is the value of -10 + 3 + (147 - 136)?
4
What is 27 - (13 + -16 - -16)?
14
What is -9 + 3 + (12 + -6 - 6)?
-6
What is the value of (1 + -1 - -7) + -56 + 53?
4
What is the value of (8 - (9 + -15)) + (-1 - (-2 - -6))?
9
What is (10 - (-13 - -13)) + -14?
-4
Evaluate (15 - (-12 - -34)) + 4 + 1 - -17.
15
What is the value of (-29 - 18) + 3 - -10?
-34
5 + -2 - ((-10 - 8) + 1 + 11)
9
What is 19 + (-15 - (4 + -28) - (13 - 1))?
16
1 + (191 - 196) + 0 + -2 + 3
-3
Calculate 26 - (-31 + 13 - -38).
6
Calculate -24 - -18 - (-3 - 2 - 23).
22
7 + (2 - 39) + 17 - -27
14
Evaluate -22 + 17 + (-2 - -14).
7
-2 + 20 + -30 - 3
-15
4 + -6 - (2 - (3 - 0)) - -13
12
Calculate 4 - (-1 + -3 + (-21 - -28)).
1
What is the value of (-3 + 11 - 20) + 19?
7
Evaluate 0 + 11 - (37 + 23 + -33).
-16
What is -11 + 2 - (-395 - -399)?
-13
What is (-1 - -9) + -2 + 1 + 10?
17
What is the value of 1 + 20 + -21 - 2?
-2
Evaluate 9 - (4 - -1 - (97 + -102)).
-1
Calculate 0 - -2 - -3 - (11 - 5 - 6).
5
Calculate (1 - 25) + -1 + -77 + 64 + 15.
-23
402 - 402 - (-1 + 2 + (0 - 9))
8
Calculate -16 - 0 - (-15 + -2 + -19).
20
Calculate (2 - 0) + (5 - (-30 + 49)).
-12
Calculate (-4 - -16) + -14 + (17 - -5 - 4).
16
What is the value of -129 + 109 - (2 - -1)?
-23
Evaluate -36 - -38 - (-11 - -2 - 0).
11
Evaluate (6 - (4 - 2)) + (-9 - -2) + 3.
0
2 - 4 - 11 - (7 - (-2 + 4))
-18
What is 24 + (-22 - 15) + (3 - -12)?
2
-31 - (-17 + 10 - (10 + -10 + -11))
-35
-34 + (14 - (-1 + -3) - 7)
-23
Evaluate -10 - ((-108 - -93) + (6 - 1)).
0
Evaluate 0 + (-14 - (-26 - -7) - 4).
1
Calculate -5 - (8 - (16 + -8)).
-5
What is the value of 3 + -6 + (-15 - (-8 - -13)) + -7?
-30
Calculate 32 + (3 - 7) - 16.
12
Calculate (36 - 17) + -1 - 28.
-10
Calculate 15 - (-6 - (-3 - 15)).
3
Calculate 9 - (23 + -7 + -25).
18
What is -11 + (-47 - (-42 - -4))?
-20
Calculate -3 + -2 - (-26 - (7 + -17)).
11
-40 + 27 - (-5 + -6)
-2
Evaluate -4 + 9 + -29 + (36 - 18 - 11).
-17
3 + -28 + (8 - 35) + 26
-26
(-2 - 3) + 5 - (16 - (13 - 8))
-11
What is the value of -4 - (-1 + 4 - (47 + 2) - -10)?
32
(-20 - (-16 + 0)) + 6
2
What is -20 + 9 + -11 + 10?
-12
What is the value of 9 - (-11 - -7 - (-6 + -7 + 0))?
0
(5 - (-15 + 17)) + (1 - -11)
15
Calculate 0 - (-3 - -9 - -16 - 17).
-5
What is 6 - (2 - (18 - 27))?
-5
Evaluate -29 - (-28 + 21) - (0 - 5).
-17
What is 4 + (3 - 1 - (0 - 8))?
14
What is (-56 - -26) + 40 - 34?
-24
Evaluate (19 - 1) + (323 - 348).
-7
37 + (5 - 23) - 4
15
1 + (-3 - -8) - 2
4
What is -2 + -7 + (11 - -3) - -8?
13
What is the value of 2 - (-2 + -33 - -55)?
-18
What is the value of 92 - 81 - (7 - 2)?
6
What is the value of -21 + -1 + 0 + 0 - (-205 - -205)?
-22
Evaluate 9 - (18 + (-4 - (1 + -6 + 7))).
-3
Calculate 29 + 4 + (-8 - -1) + -153 + 154.
27
Calculate -12 - (7 + -34 + 4).
11
Evaluate (-13 - (-27 + 9)) + (3 - (-4 + -1)).
13
What is the value of (-8 - (8 - 13)) + -11?
-14
What is the value of (-15 - (-6 + 9)) + 6?
-12
(0 - (3 + 2) - -12 - 1) + 9
15
What is the value of -1 - ((-6 - (-6 + -5)) + -8) - 14?
-12
-10 + -1 - (-110 + 103)
-4
Calculate -1 + -6 + (17 - 5 - -5).
10
What is the value of 5 + (-3 - 17) - -5?
-10
Evaluate 3 - -3 - (33 - 0 - 34).
7
Evaluate -23 - 26 - -44 - -11.
6
Calculate 8 + (-1 - 7) + (3 - 1) - 5.
-3
What is -5 + (7 - -4) - 14?
-8
Calculate -84 + 91 - (9 - 1) - 4.
-5
Calculate 0 + -2 + 9 + -3 - (-27 - -31).
0
0 + -1 + (0 - -1) + -1
-1
Evaluate 5 + 21 + (-18 - 4).
4
Evaluate 10 + 1 - (-388 - -398).
1
-28 + (-6 - -9) + 5 - (-1 - 5)
-14
Evaluate -6 - (-6 + -5 - -3 - -2).
0
What is the value of -32 - (-77 - (-3 - 15))?
27
Evaluate -27 + (-20 - (-16 + -36)).
5
(-3 - (-13 + 8)) + -7
-5
Calculate (1 - 3) + -2 + (1 - -6) + 6.
9
What is the value of -7 + 4 - (-16 + 12 - 3)?
4
Evaluate (3 + 14 - 1) + -8 + 2 + 5.
15
What is (21 - -4) + -6 + -12?
7
Calculate 5 + -11 + (1 - -10).
5
What is the value of 2 - -4 - 0 - (-3 - (-5 - 12))?
-8